digit of 1761?
6
What is the units digit of 46114?
4
What is the tens digit of 35155?
5
What is the thousands digit of 28291?
8
What is the units digit of 19488?
8
What is the hundreds digit of 2412?
4
What is the units digit of 57?
7
What is the tens digit of 8087?
8
What is the ten thousands digit of 30668?
3
What is the hundreds digit of 1632?
6
What is the hundreds digit of 1958?
9
What is the ten thousands digit of 96564?
9
What is the units digit of 9814?
4
What is the units digit of 1649?
9
What is the units digit of 46960?
0
What is the hundreds digit of 5660?
6
What is the units digit of 34?
4
What is the units digit of 7240?
0
What is the hundreds digit of 5459?
4
What is the tens digit of 248?
4
What is the units digit of 3421?
1
What is the tens digit of 1540?
4
What is the tens digit of 317?
1
What is the ten thousands digit of 14300?
1
What is the units digit of 3689?
9
What is the hundreds digit of 44128?
1
What is the tens digit of 1540?
4
What is the hundreds digit of 12396?
3
What is the hundreds digit of 2315?
3
What is the tens digit of 21022?
2
What is the thousands digit of 1184?
1
What is the tens digit of 871?
7
What is the units digit of 27305?
5
What is the thousands digit of 67828?
7
What is the ten thousands digit of 17225?
1
What is the hundreds digit of 5603?
6
What is the tens digit of 528?
2
What is the thousands digit of 69262?
9
What is the hundreds digit of 4962?
9
What is the ten thousands digit of 25406?
2
What is the hundreds digit of 39731?
7
What is the hundreds digit of 5387?
3
What is the units digit of 3337?
7
What is the thousands digit of 2638?
2
What is the hundreds digit of 12278?
2
What is the hundreds digit of 5883?
8
What is the units digit of 1816?
6
What is the tens digit of 1724?
2
What is the units digit of 279?
9
What is the hundred thousands digit of 176953?
1
What is the thousands digit of 6918?
6
What is the hundreds digit of 414?
4
What is the thousands digit of 5570?
5
What is the ten thousands digit of 52278?
5
What is the tens digit of 38?
3
What is the tens digit of 711?
1
What is the ten thousands digit of 34477?
3
What is the tens digit of 83705?
0
What is the thousands digit of 52290?
2
What is the tens digit of 78486?
8
What is the tens digit of 75186?
8
What is the hundreds digit of 68608?
6
What is the units digit of 11419?
9
What is the tens digit of 22368?
6
What is the units digit of 28224?
4
What is the thousands digit of 9870?
9
What is the hundreds digit of 60172?
1
What is the tens digit of 48274?
7
What is the tens digit of 11496?
9
What is the tens digit of 381?
8
What is the thousands digit of 12988?
2
What is the ten thousands digit of 20806?
2
What is the tens digit of 23085?
8
What is the units digit of 228?
8
What is the ten thousands digit of 19894?
1
What is the thousands digit of 5357?
5
What is the thousands digit of 1295?
1
What is the thousands digit of 1045?
1
What is the hundreds digit of 18133?
1
What is the thousands digit of 6870?
6
What is the units digit of 685?
5
What is the thousands digit of 2683?
2
What is the hundreds digit of 6122?
1
What is the hundreds digit of 22749?
7
What is the hundreds digit of 13810?
8
What is the units digit of 421?
1
What is the hundreds digit of 2361?
3
What is the tens digit of 1030?
3
What is the units digit of 866?
6
What is the thousands digit of 23506?
3
What is the tens digit of 608?
0
What is the thousands digit of 53596?
3
What is the units digit of 3971?
1
What is the thousands digit of 2425?
2
What is the hundreds digit of 16989?
9
What is the tens digit of 2121?
2
What is the thousands digit of 3335?
3
What is the tens digit of 591?
9
What is the units digit of 3881?
1
What is the ten thousands digit of 73388?
7
What is the tens digit of 146?
4
What is the tens digit of 73911?
1
What is the units digit of 3498?
8
What is the thousands digit of 2806?
2
What is the units digit of 7229?
9
What is the hundreds digit of 4038?
0
What is the hundreds digit of 464?
4
What is the units digit of 6079?
9
What is the tens digit of 2745?
4
What is the units digit of 6496?
6
What is the thousands digit of 37298?
7
What is the tens digit of 558?
5
What is the tens digit of 16297?
9
What is the units digit of 245?
5
What is the thousands digit of 1095?
1
What is the thousands digit of 85980?
5
What is the hundreds digit of 24411?
4
What is the units digit of 6088?
8
What is the thousands digit of 27625?
7
What is the tens digit of 280?
8
What is the units digit of 4802?
2
What is the tens digit of 21754?
5
What is the hundreds digit of 1245?
2
What is the thousands digit of 22335?
2
What is the units digit of 22500?
0
What is the tens digit of 7581?
8
What is the units digit of 570?
0
What is the ten thousands digit of 37410?
3
What is the thousands digit of 5663?
5
What is the tens digit of 5967?
6
What is the units digit of 3840?
0
What is the tens digit of 18740?
4
What is the thousands digit of 16897?
6
What is the tens digit of 21293?
9
What is the ten thousands digit of 53628?
5
What is the thousands digit of 32940?
2
What is the hundreds digit of 10702?
7
What is the units digit of 11306?
6
What is the thousands digit of 72303?
2
What is the tens digit of 468?
6
What is the units digit of 301?
1
What is the tens digit of 643?
4
What is the units digit of 101?
1
What is the units digit of 4043?
3
What is the tens digit of 3163?
6
What is the hundreds digit of 48261?
2
What is the units digit of 4962?
2
What is the units digit of 1076?
6
What is the units digit of 37963?
3
What is the units digit of 2510?
0
What is the hundreds digit of 16830?
8
What is the thousands digit of 12881?
2
What is the hundreds digit of 326?
3
What is the units digit of 3589?
9
What is the hundreds digit of 924?
9
What is the hundreds digit of 27558?
5
What is the units digit of 476?
6
What is the units digit of 4525?
5
What is the hundreds digit of 353?
3
What is the units digit of 42161?
1
What is the tens digit of 220?
2
What is the hundreds digit of 81972?
9
What is the tens digit of 21405?
0
What is the tens digit of 51508?
0
What is the tens digit of 78411?
1
What is the units digit of 2448?
8
What is the thousands digit of 17294?
7
What is the tens digit of 134378?
7
What is the units digit of 928?
8
What is the tens digit of 24718?
1
What is the thousands digit of 35912?
5
What is the units digit of 1768?
8
What is the thousands digit of 1398?
1
What is the units digit of 632?
2
What is the units digit of 87881?
1
What is the hundreds digit of 1755?
7
What is the thousands digit of 3733?
3
What is the tens digit of 1878?
7
What is the tens digit of 3312?
1
What is the units digit of 380?
0
What is the ten thousands digit of 75885?
7
What is the units digit of 54?
4
What is the tens digit of 7116?
1
What is the hundreds digit of 4885?
8
What is the units digit of 289?
9
What is the hundreds digit of 5209?
2
What is the units digit of 10304?
4
What is the tens digit of 59251?
5
What is the units digit of 4157?
7
What is the thousands digit of 12525?
2
What is the tens digit of 2573?
7
What is the units digit of 2438?
8
What is the hundreds digit of 1225?
2
What is the hundreds digit of 70692?
6
What is the ten thousands digit of 98772?
9
What is the tens digit of 4574?
7
What is the hundreds digit of 36725?
7
What is the tens digit of 7656?
5
What is the hundreds digit of 7784?
7
What is the tens digit of 73487?
8
What is the thousands digit of 8836?
8
What is the units digit of 862?
2
What is the thousands digit of 17943?
7
What is the tens digit of 486?
8
What is the thousands digit of 32826?
2
What is the units digit of 7045?
5
What is the tens digit of 116?
1
What is the units digit of 451?
1
What is the hundreds digit of 1152?
1
What is the hundreds digit of 7882?
8
What is the tens digit of 2894?
9
What is the hundreds digit of 766?
7
What is the tens digit of 78928?
2
What is the tens digit of 5040?
4
What is the tens digit of 681?
8
What is the hundreds digit of 5951?
9
What is the thousands digit of 2603?
2
What is the tens digit of 1959?
5
What is the units digit of 1683?
3
What is the tens digit of 7545?
4
What is the thousands digit of 2559?
2
What is the tens digit of 4210?
1
What is the units digit of 9257?
7
What